t?
2
Let k be -5 - -1*(-2)/2. Let t = 415 - 393. Let u = t + k. What is the tens digit of u?
1
Let i = 3444 - 989. What is the tens digit of i?
5
Suppose -4*g = 5*y + 38, -4*y + 3*g - 22 = 2*g. Let k(o) = -o**3 - 3*o**2 + 10*o + 14. What is the tens digit of k(y)?
6
Suppose -27 - 118 = 5*r. Let l = -26 - r. Suppose -4*i + 292 = -3*s, -i - 124 = -l*i - 4*s. What is the tens digit of i?
7
What is the hundreds digit of (6 - 331/(-2))*2?
3
Let h = -13 - 3. Let r = h - -28. What is the tens digit of (-20)/(-3)*18/r?
1
Suppose -8 = -4*p + 4. Suppose 515 = p*w + 3*r + 200, 4 = 4*r. What is the hundreds digit of w?
1
Let w(b) = b**2 - 11*b + 12. Let t be w(10). Let l = -15 - -16. Let s = l + t. What is the units digit of s?
3
Let y = -9 + 12. Let x(d) = -3*d - 2*d**2 + 2 - 10*d + y*d**2. What is the units digit of x(14)?
6
Suppose -5*y - 4*s + 2 = 7, 3*y - 5*s - 34 = 0. Let h(f) = 3*f**3 + 4*f**2 - 2*f + 9. What is the tens digit of h(y)?
2
Let k = 38 - 52. Let p(f) = -f - 13. What is the units digit of p(k)?
1
Let y(k) = -k**3 + 19*k**2 - 35*k + 17. Let p(q) = 4*q**3 - 77*q**2 + 140*q - 67. Let f(n) = 2*p(n) + 9*y(n). What is the hundreds digit of f(14)?
1
Let n be (3 - 3) + -4 + 3. What is the tens digit of ((-39)/3 + 2)/n?
1
Let a be (147/(-12))/(1/(-12)). Let z = a + -87. What is the tens digit of z?
6
Let i be -519*4/(-48)*-4. Let x = i - -298. What is the hundreds digit of x?
1
What is the thousands digit of (-502)/5*(10 + -23 - -3)?
1
Let b(w) be the third derivative of w**4/8 - 2*w**3/3 + 4*w**2. Let u be b(3). What is the units digit of (-2)/u + 27/5?
5
Let v = 39 + 421. What is the units digit of v?
0
Let o = -2 + 2. Let s(t) = -t**3 + t**2 + 10*t - 6. Let d be s(3). Suppose o = -2*l + d*l - 52. What is the tens digit of l?
1
What is the tens digit of (3448918/(-133))/(-11) - 4/(-7)?
5
Let f(p) = -p + 15. Let l be f(11). Let m be (-1 - 0) + l + 1. Suppose -2*o = 3*n + 2*o - 79, -m*o = 8. What is the tens digit of n?
2
Let s(z) = 6*z**2 + 10*z - 23. What is the tens digit of s(6)?
5
Suppose 5*v = -4*d + 88, 88 = 2*d + 2*d + 2*v. Let l(p) = p**2 - d*p - 7 + 10*p + 12*p. What is the units digit of l(5)?
8
Suppose 4*k + 316 = 2*z - 584, -2 = k. What is the hundreds digit of z?
4
Let g(s) = s**3 - 19*s**2 + 19*s - 14. Let c be g(18). Suppose 0 = -4*k - 3*d + 241, c*k + 2*d - 108 = 134. What is the tens digit of k?
6
Let q(g) be the first derivative of g**4/4 + 16*g**3/3 - 17*g**2/2 + 23*g + 19. What is the units digit of q(-17)?
3
Let p(n) = n - 29. Let h be p(10). Let z = -17 - h. Suppose -12 - 62 = -3*o + z*j, -48 = -2*o + j. What is the tens digit of o?
2
Suppose -7*b - 9 = -10*b. Let y(n) = n**b - 16 - 10*n**2 + 3*n + 6 + 0*n. What is the tens digit of y(10)?
2
Let n(y) = y**3 + y**2 + 6*y + 4. Let c be n(-2). Suppose -4 = 4*l - 64. Let k = c + l. What is the units digit of k?
3
Let z = -24 - -22. Let q be 8*3/(-12)*z. Suppose l - 2*d - 29 = -q*d, -l = d - 32. What is the tens digit of l?
3
Let t = 18 - 19. Let z = 16 + t. What is the tens digit of z?
1
Suppose 1896 = 19*m - 11*m. What is the tens digit of m?
3
Let s(h) = -49*h - 184. What is the hundreds digit of s(-14)?
5
Let g(v) = -123*v - 3. Let n be g(-1). Let c = -61 + n. What is the tens digit of c?
5
Let u(w) = -471*w**3 - w**2 - w. What is the units digit of u(-1)?
1
Let v(s) = 2*s**3 + 8*s - 1793*s**2 + 3 + 1784*s**2 + 4. What is the tens digit of v(6)?
6
Let n be (-18)/(-5) + 5/(150/12). Suppose n*j = 5*y + 816, 2*j + 3*y = y + 426. What is the units digit of j?
9
Let z be 5 + (-5)/((-10)/(-4)). Suppose 8*f - z*f + 1080 = 0. What is the units digit of (f/(-16))/((-1)/(-2))?
7
Let j(d) = d**3 + d**2 - d - 1. Let s be j(-1). Suppose 3*u - 162 = -3*w, -u + s*u + 49 = 2*w. What is the tens digit of u?
5
Let g(c) = 56*c**2 + 24*c + 151. What is the tens digit of g(-9)?
7
Suppose 5*l + 0 = -0. Suppose l = -2*x + 78 + 86. What is the units digit of x?
2
Suppose -290 - 872 = -14*z. Suppose -2*f = -5*b - z, -4*b + b = -9. What is the units digit of f?
9
Suppose 12 = 3*g, g + 12 + 122 = b. What is the units digit of b?
8
Suppose 4*l + 15 = t + 143, -4*t = 5*l - 160. Suppose 3*o + v = 40, l = -o + 3*o + 2*v. What is the units digit of o?
2
Suppose 1362 = 7*m - 129. Let i = -140 + m. What is the units digit of i?
3
Let n = 24 + -5. Suppose -n - 8 = -3*g. Suppose -84 + g = -3*a. What is the tens digit of a?
2
Let f(y) = y**3 + 21*y**2 + 6*y + 1. What is the tens digit of f(-19)?
0
Let h(y) = 11*y - 3. Let q be 10/4*8/10. What is the units digit of h(q)?
9
Let h(m) = m**2 + m - 2. Suppose -11*f + 16*f = 75. Let q = f + -18. What is the units digit of h(q)?
4
Suppose -15*l - l = -48. Suppose l*t - 3*m - 192 = 0, -3*m + 64 = t + 2*m. What is the tens digit of t?
6
Suppose -3*h + 1245 = -264. What is the tens digit of h?
0
What is the tens digit of 1/(-5) - (-19552)/10?
5
Suppose 60 = 4*u - 0*u. Let a = 28 - u. What is the tens digit of a?
1
Suppose 0*c + 4*j = 3*c - 33, 5*j - 13 = -4*c. Let g = c - 4. Let l = g + -1. What is the units digit of l?
2
Let o(m) = 783*m**2 - 3*m + 3. What is the tens digit of o(-2)?
4
Let i = -247 - -212. Suppose 0 = 5*z + 20, -25 = -2*x + 3*z + 7. What is the tens digit of (78/x)/((-7)/i)?
3
Suppose 0 = -8*y - 4*y + 2220. Let b = -27 + y. What is the tens digit of b?
5
Suppose 2*p = -10 - 0. Let n = -5 - p. Suppose n*q = -q + 6. What is the units digit of q?
6
Let k = 25 + -32. Let s = k + 44. What is the units digit of s?
7
Suppose -4*v = -7 - 13. What is the units digit of 69/v + (-22)/(-110)?
4
Suppose -9*y - 378 = 1476. Let w = y + 348. What is the units digit of w?
2
Suppose -176 + 156 = -4*v. Suppose 0 = -v*s - 0*s + 25, -3*s = 2*y - 421. What is the hundreds digit of y?
2
Let f = 5650 - 1080. What is the thousands digit of f?
4
Suppose 28*h = 26*h + 1122. What is the units digit of h?
1
Let u be (-5)/2*(-301)/(-35)*-2. Suppose 0 = 3*l - 8 - u. What is the tens digit of l?
1
Let t be (-3432)/(-42) - (-2 + 36/21). Suppose -a = 2*y - t, -2*a + 7*a - 455 = -y. What is the units digit of a?
2
Let k(a) = 8*a - 12. Let t be k(5). Let z = t + -22. What is the units digit of z?
6
Let g be ((-1)/10 + (-4)/10)*-14. Suppose 8*m - 84 = g*m. What is the tens digit of m?
8
Let o(n) be the second derivative of n**5/20 + n**4/2 + 4*n**3/3 + 5*n**2 + 3*n. What is the units digit of o(-4)?
0
Let o be (3 - (3 + 1))*4. Let b be (-1)/o - 948/(-48). Let p = 45 - b. What is the units digit of p?
5
Suppose 2*h = a - 123 - 114, 3*a - 5*h = 714. Suppose 0 = 5*z - a + 73. What is the tens digit of z?
3
Let m(i) = i**2 + 9*i + 44. Let z be m(-6). Suppose -89 + z = -3*j. What is the units digit of j?
1
Let a be 30/(-20)*(-40)/(-6). Let c = -8 - a. What is the units digit of c?
2
Suppose 41 - 1 = b. Suppose 2*y - 56 - b = 0. What is the units digit of y?
8
Let j be 2/(-1) - (-10 - 0). Let q be j/12 + 68/6. Suppose q = o - 30. What is the tens digit of o?
4
Suppose -10*j = o - 15*j - 888, 3*o - j - 2678 = 0. What is the hundreds digit of o?
8
Let d(w) = -w**2 - 9*w + 9. Let y be d(-10). What is the tens digit of (-2 - (85 - 4))/y?
8
Let h(x) = 460*x**2 - 3*x - 4. What is the tens digit of h(-1)?
5
Let z(n) = -n**2 - 3*n + 1. Let c be z(-3). Suppose 3*t = 7 - c. Suppose q = 3*q - 5*j - 45, 5*j = -t*q + 55. What is the tens digit of q?
2
Let i = -3231 + 6634. What is the tens digit of i?
0
Let v = -1 + -22. Let b = 562 - 524. Let y = b + v. What is the units digit of y?
5
Suppose 11*p - 2123 = 2167. What is the units digit of p?
0
Suppose -2*m = -0*m - 22. Suppose 5*v - m = 14. What is the units digit of v?
5
Let q be (-46)/8 - 3/12. Let p = q - -11. What is the units digit of p?
5
Let s(w) = 12*w - 7. Let i = 31 + -26. What is the tens digit of s(i)?
5
Suppose 0 = -s - 3*h + 9, s = 3*s - 4*h - 18. Let g(w) = 3*w + 5. Let t be g(-4). Let l = s + t. What is the units digit of l?
2
Suppose -36*x + 33*x = -v - 12494, 3*v - 20828 = -5*x. What is the tens digit of x?
6
Suppose 4*a + 4*f + f = 3, -5*f - 53 = -4*a. Let b(w) = -w**2 + 9*w + 1. What is the units digit of b(a)?
5
Let u(h) = -h + 7. Let q be u(6). Let b be (1 + q)*8/2. Suppose -b*j + 5*j + 150 = 0. What is the units digit of j?
0
Let j(c) = -c**3 + 22*c**2 + 3*c + 5. Let a be j(14). Suppose a + 1493 = 12*f. What is the hundreds digi